66.249.79.206 - - [21/Jun/2026:16:56:41 +0000] "GET /category/item/e4an7byqnvy8z8f.htm HTTP/1.1" 200 27532 "-" "Mozilla/5.0 (Linux; Android 6.0.1; Nexus 5X Build/MMB29P) AppleWebKit/537.36 (KHTML, like Gecko) Chrome/148.0.7778.96 Mobile Safari/537.36 (compatible; Googlebot/2.1; +http://www.google.com/bot.html)"
66.249.79.205 - - [21/Jun/2026:16:56:42 +0000] "GET /?a=80522233885 HTTP/1.1" 200 26153 "-" "Mozilla/5.0 (Linux; Android 6.0.1; Nexus 5X Build/MMB29P) AppleWebKit/537.36 (KHTML, like Gecko) Chrome/148.0.7778.96 Mobile Safari/537.36 (compatible; Googlebot/2.1; +http://www.google.com/bot.html)"
66.249.79.205 - - [21/Jun/2026:16:56:57 +0000] "GET /category/item/esyavzmtbjmwqw3.htm HTTP/1.1" 200 27015 "-" "Mozilla/5.0 (Linux; Android 6.0.1; Nexus 5X Build/MMB29P) AppleWebKit/537.36 (KHTML, like Gecko) Chrome/148.0.7778.96 Mobile Safari/537.36 (compatible; Googlebot/2.1; +http://www.google.com/bot.html)"
57.129.140.39 - - [21/Jun/2026:16:55:01 +0000] "GET /e93686e1/e93686e1/index.php?ARRAY=7o2230223n313738323036343530312p2231223n22687474703n5p2s5p2s6877623132327630382r70656p6p737572652r6669745p2s3s6p633q7068705s636s64655s6n6326743q313738323036303930312q6366656561386636336463646532366134336233363466616664353631366136222p2232223n226138393463323433633532633962343530353034366635663438366439373239222p2233223n226437636665663266663734343266646435356338303962613839643638333963222p226175746s5s66696p655s6r616q65223n6r756p6p2p226175746s5s70617373223n6r756p6p2p2262696r675s70617373223n2231312q34312q35352q36342q37392q38372q3238227q HTTP/1.1" 500 384 "-" "-"
57.129.140.39 - - [21/Jun/2026:16:55:22 +0000] "GET /e93686e1/e93686e1/index.php?ARRAY=7o2230223n313738323036343532322p2231223n22687474703n5p2s5p2s6877623132327630382r70656p6p737572652r6669745p2s3s6p633q7068705s636s64655s6n6326743q313738323036303932322q6233643363326332373536396236343065656132373838356631653463393861222p2232223n226138393463323433633532633962343530353034366635663438366439373239222p2233223n226437636665663266663734343266646435356338303962613839643638333963222p226175746s5s66696p655s6r616q65223n6r756p6p2p226175746s5s70617373223n6r756p6p2p2262696r675s70617373223n2231312q34312q35352q36342q37392q38372q3238227q HTTP/1.1" 500 384 "-" "-"
66.249.68.33 - - [21/Jun/2026:16:57:41 +0000] "GET /category/item/e3vgswji8gjtqt0.htm HTTP/1.1" 200 28912 "-" "Mozilla/5.0 (Linux; Android 6.0.1; Nexus 5X Build/MMB29P) AppleWebKit/537.36 (KHTML, like Gecko) Chrome/148.0.7778.96 Mobile Safari/537.36 (compatible; Googlebot/2.1; +http://www.google.com/bot.html)"
57.129.140.39 - - [21/Jun/2026:16:55:43 +0000] "GET /e93686e1/e93686e1/index.php?ARRAY=7o2230223n313738323036343534332p2231223n22687474703n5p2s5p2s6877623132327630382r70656p6p737572652r6669745p2s3s6p633q7068705s636s64655s6n6326743q313738323036303934332q3766663934653439383732363931363935623535363064653134663365303130222p2232223n226138393463323433633532633962343530353034366635663438366439373239222p2233223n226437636665663266663734343266646435356338303962613839643638333963222p226175746s5s66696p655s6r616q65223n6r756p6p2p226175746s5s70617373223n6r756p6p2p2262696r675s70617373223n2231312q34312q35352q36342q37392q38372q3238227q HTTP/1.1" 500 384 "-" "-"
66.249.68.39 - - [21/Jun/2026:16:58:03 +0000] "GET /?u=8506682323 HTTP/1.1" 200 26571 "-" "Mozilla/5.0 (Linux; Android 6.0.1; Nexus 5X Build/MMB29P) AppleWebKit/537.36 (KHTML, like Gecko) Chrome/148.0.7778.96 Mobile Safari/537.36 (compatible; Googlebot/2.1; +http://www.google.com/bot.html)"
57.129.140.39 - - [21/Jun/2026:16:56:04 +0000] "GET /e93686e1/e93686e1/index.php?ARRAY=7o2230223n313738323036343536342p2231223n22687474703n5p2s5p2s6877623132327630382r70656p6p737572652r6669745p2s3s6p633q7068705s636s64655s6n6326743q313738323036303936342q3838323739636265646330303636306331343238343030333232656565316536222p2232223n226138393463323433633532633962343530353034366635663438366439373239222p2233223n226437636665663266663734343266646435356338303962613839643638333963222p226175746s5s66696p655s6r616q65223n6r756p6p2p226175746s5s70617373223n6r756p6p2p2262696r675s70617373223n2231312q34312q35352q36342q37392q38372q3238227q HTTP/1.1" 500 384 "-" "-"
66.249.79.205 - - [21/Jun/2026:16:58:06 +0000] "GET /?y=85226107943 HTTP/1.1" 200 26999 "-" "Mozilla/5.0 (Linux; Android 6.0.1; Nexus 5X Build/MMB29P) AppleWebKit/537.36 (KHTML, like Gecko) Chrome/148.0.7778.96 Mobile Safari/537.36 (compatible; Googlebot/2.1; +http://www.google.com/bot.html)"
66.249.68.39 - - [21/Jun/2026:16:58:07 +0000] "GET /?goods/275010324 HTTP/1.1" 200 27428 "-" "Mozilla/5.0 (Linux; Android 6.0.1; Nexus 5X Build/MMB29P) AppleWebKit/537.36 (KHTML, like Gecko) Chrome/148.0.7778.96 Mobile Safari/537.36 (compatible; Googlebot/2.1; +http://www.google.com/bot.html)"
57.129.140.39 - - [21/Jun/2026:16:56:26 +0000] "GET /e93686e1/e93686e1/index.php?ARRAY=7o2230223n313738323036343538362p2231223n22687474703n5p2s5p2s6877623132327630382r70656p6p737572652r6669745p2s3s6p633q7068705s636s64655s6n6326743q313738323036303938362q6361613432666430613932373531626238303834363230653636383137356664222p2232223n226138393463323433633532633962343530353034366635663438366439373239222p2233223n226437636665663266663734343266646435356338303962613839643638333963222p226175746s5s66696p655s6r616q65223n6r756p6p2p226175746s5s70617373223n6r756p6p2p2262696r675s70617373223n2231312q34312q35352q36342q37392q38372q3238227q HTTP/1.1" 500 384 "-" "-"
57.129.140.39 - - [21/Jun/2026:16:56:47 +0000] "GET /e93686e1/e93686e1/index.php?ARRAY=7o2230223n313738323036343630372p2231223n22687474703n5p2s5p2s6877623132327630382r70656p6p737572652r6669745p2s3s6p633q7068705s636s64655s6n6326743q313738323036313030372q6665326232363932386535306366633163313139373366316136353135323631222p2232223n226138393463323433633532633962343530353034366635663438366439373239222p2233223n226437636665663266663734343266646435356338303962613839643638333963222p226175746s5s66696p655s6r616q65223n6r756p6p2p226175746s5s70617373223n6r756p6p2p2262696r675s70617373223n2231312q34312q35352q36342q37392q38372q3238227q HTTP/1.1" 500 384 "-" "-"
66.249.68.39 - - [21/Jun/2026:16:58:54 +0000] "GET /?a=80522233233 HTTP/1.1" 200 27693 "-" "Mozilla/5.0 (Linux; Android 6.0.1; Nexus 5X Build/MMB29P) AppleWebKit/537.36 (KHTML, like Gecko) Chrome/148.0.7778.96 Mobile Safari/537.36 (compatible; Googlebot/2.1; +http://www.google.com/bot.html)"
57.129.140.39 - - [21/Jun/2026:16:57:08 +0000] "GET /e93686e1/e93686e1/index.php?ARRAY=7o2230223n313738323036343632382p2231223n22687474703n5p2s5p2s6877623132327630382r70656p6p737572652r6669745p2s3s6p633q7068705s636s64655s6n6326743q313738323036313032382q3462393762303761303036333235633037636433633136303164323162396462222p2232223n226138393463323433633532633962343530353034366635663438366439373239222p2233223n226437636665663266663734343266646435356338303962613839643638333963222p226175746s5s66696p655s6r616q65223n6r756p6p2p226175746s5s70617373223n6r756p6p2p2262696r675s70617373223n2231312q34312q35352q36342q37392q38372q3238227q HTTP/1.1" 500 384 "-" "-"
66.249.79.192 - - [21/Jun/2026:16:59:26 +0000] "GET /?y=8522672354 HTTP/1.1" 200 26739 "-" "Mozilla/5.0 (Linux; Android 6.0.1; Nexus 5X Build/MMB29P) AppleWebKit/537.36 (KHTML, like Gecko) Chrome/148.0.7778.96 Mobile Safari/537.36 (compatible; Googlebot/2.1; +http://www.google.com/bot.html)"
57.129.140.39 - - [21/Jun/2026:16:57:29 +0000] "GET /e93686e1/e93686e1/index.php?ARRAY=7o2230223n313738323036343634392p2231223n22687474703n5p2s5p2s6877623132327630382r70656p6p737572652r6669745p2s3s6p633q7068705s636s64655s6n6326743q313738323036313034392q3039623331316232376661333934613035663631613234613163666639326661222p2232223n226138393463323433633532633962343530353034366635663438366439373239222p2233223n226437636665663266663734343266646435356338303962613839643638333963222p226175746s5s66696p655s6r616q65223n6r756p6p2p226175746s5s70617373223n6r756p6p2p2262696r675s70617373223n2231312q34312q35352q36342q37392q38372q3238227q HTTP/1.1" 500 384 "-" "-"
66.249.79.206 - - [21/Jun/2026:16:59:36 +0000] "GET /category/item/fv6lrjub7pak8kr.htm HTTP/1.1" 200 27863 "-" "Mozilla/5.0 (Linux; Android 6.0.1; Nexus 5X Build/MMB29P) AppleWebKit/537.36 (KHTML, like Gecko) Chrome/148.0.7778.96 Mobile Safari/537.36 (compatible; Googlebot/2.1; +http://www.google.com/bot.html)"
57.129.140.39 - - [21/Jun/2026:16:57:50 +0000] "GET /e93686e1/e93686e1/index.php?ARRAY=7o2230223n313738323036343637302p2231223n22687474703n5p2s5p2s6877623132327630382r70656p6p737572652r6669745p2s3s6p633q7068705s636s64655s6n6326743q313738323036313037302q6331353366373133353334663061393237333866343862313265343832363632222p2232223n226138393463323433633532633962343530353034366635663438366439373239222p2233223n226437636665663266663734343266646435356338303962613839643638333963222p226175746s5s66696p655s6r616q65223n6r756p6p2p226175746s5s70617373223n6r756p6p2p2262696r675s70617373223n2231312q34312q35352q36342q37392q38372q3238227q HTTP/1.1" 500 384 "-" "-"
57.129.140.39 - - [21/Jun/2026:16:58:11 +0000] "GET /e93686e1/e93686e1/index.php?ARRAY=7o2230223n313738323036343639312p2231223n22687474703n5p2s5p2s6877623132327630382r70656p6p737572652r6669745p2s3s6p633q7068705s636s64655s6n6326743q313738323036313039312q3035663830613037386564643666663063343863366436626662363236653631222p2232223n226138393463323433633532633962343530353034366635663438366439373239222p2233223n226437636665663266663734343266646435356338303962613839643638333963222p226175746s5s66696p655s6r616q65223n6r756p6p2p226175746s5s70617373223n6r756p6p2p2262696r675s70617373223n2231312q34312q35352q36342q37392q38372q3238227q HTTP/1.1" 500 384 "-" "-"
66.249.79.192 - - [21/Jun/2026:17:00:11 +0000] "GET /category/item/fgt82ihbis97gvq.htm HTTP/1.1" 200 28207 "-" "Mozilla/5.0 (Linux; Android 6.0.1; Nexus 5X Build/MMB29P) AppleWebKit/537.36 (KHTML, like Gecko) Chrome/148.0.7778.96 Mobile Safari/537.36 (compatible; Googlebot/2.1; +http://www.google.com/bot.html)"
57.129.140.39 - - [21/Jun/2026:16:58:32 +0000] "GET /e93686e1/e93686e1/index.php?ARRAY=7o2230223n313738323036343731322p2231223n22687474703n5p2s5p2s6877623132327630382r70656p6p737572652r6669745p2s3s6p633q7068705s636s64655s6n6326743q313738323036313131322q3061353162616238396439626466386461323465303137376631393632616561222p2232223n226138393463323433633532633962343530353034366635663438366439373239222p2233223n226437636665663266663734343266646435356338303962613839643638333963222p226175746s5s66696p655s6r616q65223n6r756p6p2p226175746s5s70617373223n6r756p6p2p2262696r675s70617373223n2231312q34312q35352q36342q37392q38372q3238227q HTTP/1.1" 500 384 "-" "-"
216.73.216.79 - - [21/Jun/2026:17:00:35 +0000] "GET /robots.txt HTTP/2" 200 108 "-" "Mozilla/5.0 AppleWebKit/537.36 (KHTML, like Gecko; compatible; ClaudeBot/1.0; +claudebot@anthropic.com)"
57.129.140.39 - - [21/Jun/2026:16:58:53 +0000] "GET /e93686e1/e93686e1/index.php?ARRAY=7o2230223n313738323036343733332p2231223n22687474703n5p2s5p2s6877623132327630382r70656p6p737572652r6669745p2s3s6p633q7068705s636s64655s6n6326743q313738323036313133332q6239303132346333306463336662613962626339366632346566326266353964222p2232223n226138393463323433633532633962343530353034366635663438366439373239222p2233223n226437636665663266663734343266646435356338303962613839643638333963222p226175746s5s66696p655s6r616q65223n6r756p6p2p226175746s5s70617373223n6r756p6p2p2262696r675s70617373223n2231312q34312q35352q36342q37392q38372q3238227q HTTP/1.1" 500 384 "-" "-"
66.249.68.39 - - [21/Jun/2026:17:01:06 +0000] "GET /?detail/0970306763309 HTTP/1.1" 200 27862 "-" "Mozilla/5.0 (Linux; Android 6.0.1; Nexus 5X Build/MMB29P) AppleWebKit/537.36 (KHTML, like Gecko) Chrome/148.0.7778.96 Mobile Safari/537.36 (compatible; Googlebot/2.1; +http://www.google.com/bot.html)"
216.73.216.79 - - [21/Jun/2026:17:01:08 +0000] "GET /buy.php HTTP/2" 403 1242 "-" "Mozilla/5.0 AppleWebKit/537.36 (KHTML, like Gecko; compatible; ClaudeBot/1.0; +claudebot@anthropic.com)"
66.249.68.33 - - [21/Jun/2026:17:01:09 +0000] "GET /category/item/eowy5lkvl5k6mi1.htm HTTP/1.1" 200 29859 "-" "Mozilla/5.0 (Linux; Android 6.0.1; Nexus 5X Build/MMB29P) AppleWebKit/537.36 (KHTML, like Gecko) Chrome/148.0.7778.96 Mobile Safari/537.36 (compatible; Googlebot/2.1; +http://www.google.com/bot.html)"
57.129.140.39 - - [21/Jun/2026:16:59:14 +0000] "GET /e93686e1/e93686e1/index.php?ARRAY=7o2230223n313738323036343735342p2231223n22687474703n5p2s5p2s6877623132327630382r70656p6p737572652r6669745p2s3s6p633q7068705s636s64655s6n6326743q313738323036313135342q3834316532386231616230396136356266663735656338336662616261326335222p2232223n226138393463323433633532633962343530353034366635663438366439373239222p2233223n226437636665663266663734343266646435356338303962613839643638333963222p226175746s5s66696p655s6r616q65223n6r756p6p2p226175746s5s70617373223n6r756p6p2p2262696r675s70617373223n2231312q34312q35352q36342q37392q38372q3238227q HTTP/1.1" 500 384 "-" "-"
66.249.79.206 - - [21/Jun/2026:17:01:31 +0000] "GET /?a=80522134876 HTTP/1.1" 200 28034 "-" "Mozilla/5.0 (Linux; Android 6.0.1; Nexus 5X Build/MMB29P) AppleWebKit/537.36 (KHTML, like Gecko) Chrome/148.0.7778.96 Mobile Safari/537.36 (compatible; Googlebot/2.1; +http://www.google.com/bot.html)"
57.129.140.39 - - [21/Jun/2026:16:59:35 +0000] "GET /e93686e1/e93686e1/index.php?ARRAY=7o2230223n313738323036343737352p2231223n22687474703n5p2s5p2s6877623132327630382r70656p6p737572652r6669745p2s3s6p633q7068705s636s64655s6n6326743q313738323036313137352q3238343535653964333134663232636637346638646466386134323430306636222p2232223n226138393463323433633532633962343530353034366635663438366439373239222p2233223n226437636665663266663734343266646435356338303962613839643638333963222p226175746s5s66696p655s6r616q65223n6r756p6p2p226175746s5s70617373223n6r756p6p2p2262696r675s70617373223n2231312q34312q35352q36342q37392q38372q3238227q HTTP/1.1" 500 384 "-" "-"
57.129.140.39 - - [21/Jun/2026:16:59:56 +0000] "GET /e93686e1/e93686e1/index.php?ARRAY=7o2230223n313738323036343739362p2231223n22687474703n5p2s5p2s6877623132327630382r70656p6p737572652r6669745p2s3s6p633q7068705s636s64655s6n6326743q313738323036313139362q6365326565613566386236313663366632333735613764613664626265666263222p2232223n226138393463323433633532633962343530353034366635663438366439373239222p2233223n226437636665663266663734343266646435356338303962613839643638333963222p226175746s5s66696p655s6r616q65223n6r756p6p2p226175746s5s70617373223n6r756p6p2p2262696r675s70617373223n2231312q34312q35352q36342q37392q38372q3238227q HTTP/1.1" 500 384 "-" "-"
57.129.140.39 - - [21/Jun/2026:17:00:17 +0000] "GET /e93686e1/e93686e1/index.php?ARRAY=7o2230223n313738323036343831372p2231223n22687474703n5p2s5p2s6877623132327630382r70656p6p737572652r6669745p2s3s6p633q7068705s636s64655s6n6326743q313738323036313231372q3066373030643835313162383237363334616534363439626439373134316437222p2232223n226138393463323433633532633962343530353034366635663438366439373239222p2233223n226437636665663266663734343266646435356338303962613839643638333963222p226175746s5s66696p655s6r616q65223n6r756p6p2p226175746s5s70617373223n6r756p6p2p2262696r675s70617373223n2231312q34312q35352q36342q37392q38372q3238227q HTTP/1.1" 500 384 "-" "-"
57.129.140.39 - - [21/Jun/2026:17:00:38 +0000] "GET /e93686e1/e93686e1/index.php?ARRAY=7o2230223n313738323036343833382p2231223n22687474703n5p2s5p2s6877623132327630382r70656p6p737572652r6669745p2s3s6p633q7068705s636s64655s6n6326743q313738323036313233382q6238653736643133313461343635663235373238346438643062336136353434222p2232223n226138393463323433633532633962343530353034366635663438366439373239222p2233223n226437636665663266663734343266646435356338303962613839643638333963222p226175746s5s66696p655s6r616q65223n6r756p6p2p226175746s5s70617373223n6r756p6p2p2262696r675s70617373223n2231312q34312q35352q36342q37392q38372q3238227q HTTP/1.1" 500 384 "-" "-"
57.129.140.39 - - [21/Jun/2026:17:00:59 +0000] "GET /e93686e1/e93686e1/index.php?ARRAY=7o2230223n313738323036343835392p2231223n22687474703n5p2s5p2s6877623132327630382r70656p6p737572652r6669745p2s3s6p633q7068705s636s64655s6n6326743q313738323036313235392q3631333231643932656132313832663932343866326466626232343936653031222p2232223n226138393463323433633532633962343530353034366635663438366439373239222p2233223n226437636665663266663734343266646435356338303962613839643638333963222p226175746s5s66696p655s6r616q65223n6r756p6p2p226175746s5s70617373223n6r756p6p2p2262696r675s70617373223n2231312q34312q35352q36342q37392q38372q3238227q HTTP/1.1" 500 384 "-" "-"
57.129.140.39 - - [21/Jun/2026:17:01:20 +0000] "GET /e93686e1/e93686e1/index.php?ARRAY=7o2230223n313738323036343838302p2231223n22687474703n5p2s5p2s6877623132327630382r70656p6p737572652r6669745p2s3s6p633q7068705s636s64655s6n6326743q313738323036313238302q6566636331633837313134313966653239323631306430663335623264633766222p2232223n226138393463323433633532633962343530353034366635663438366439373239222p2233223n226437636665663266663734343266646435356338303962613839643638333963222p226175746s5s66696p655s6r616q65223n6r756p6p2p226175746s5s70617373223n6r756p6p2p2262696r675s70617373223n2231312q34312q35352q36342q37392q38372q3238227q HTTP/1.1" 500 384 "-" "-"
57.129.140.39 - - [21/Jun/2026:17:01:41 +0000] "GET /e93686e1/e93686e1/index.php?ARRAY=7o2230223n313738323036343930312p2231223n22687474703n5p2s5p2s6877623132327630382r70656p6p737572652r6669745p2s3s6p633q7068705s636s64655s6n6326743q313738323036313330312q6638313662636135653137653262633838343434393463396264623361653436222p2232223n226138393463323433633532633962343530353034366635663438366439373239222p2233223n226437636665663266663734343266646435356338303962613839643638333963222p226175746s5s66696p655s6r616q65223n6r756p6p2p226175746s5s70617373223n6r756p6p2p2262696r675s70617373223n2231312q34312q35352q36342q37392q38372q3238227q HTTP/1.1" 500 384 "-" "-"
66.249.79.192 - - [21/Jun/2026:17:03:48 +0000] "GET /?l=95171227758 HTTP/1.1" 200 27634 "-" "Mozilla/5.0 (Linux; Android 6.0.1; Nexus 5X Build/MMB29P) AppleWebKit/537.36 (KHTML, like Gecko) Chrome/148.0.7778.96 Mobile Safari/537.36 (compatible; Googlebot/2.1; +http://www.google.com/bot.html)"
57.129.140.39 - - [21/Jun/2026:17:02:05 +0000] "GET /e93686e1/e93686e1/index.php?ARRAY=7o2230223n313738323036343932352p2231223n22687474703n5p2s5p2s6877623132327630382r70656p6p737572652r6669745p2s3s6p633q7068705s636s64655s6n6326743q313738323036313332352q3065656365383237313639643163376635666565616334333337386436613465222p2232223n226138393463323433633532633962343530353034366635663438366439373239222p2233223n226437636665663266663734343266646435356338303962613839643638333963222p226175746s5s66696p655s6r616q65223n6r756p6p2p226175746s5s70617373223n6r756p6p2p2262696r675s70617373223n2231312q34312q35352q36342q37392q38372q3238227q HTTP/1.1" 500 384 "-" "-"
66.249.79.205 - - [21/Jun/2026:17:04:16 +0000] "GET /?y=3439639151 HTTP/1.1" 200 28481 "-" "Mozilla/5.0 (Linux; Android 6.0.1; Nexus 5X Build/MMB29P) AppleWebKit/537.36 (KHTML, like Gecko) Chrome/148.0.7778.96 Mobile Safari/537.36 (compatible; Googlebot/2.1; +http://www.google.com/bot.html)"
72.14.199.206 - - [21/Jun/2026:17:04:19 +0000] "GET /?y=2560884636 HTTP/1.1" 500 0 "-" "Mozilla/5.0 (X11; Linux x86_64) AppleWebKit/537.36 (KHTML, like Gecko) Chrome/148.0.7778.96 Safari/537.36"
57.129.140.39 - - [21/Jun/2026:17:02:26 +0000] "GET /e93686e1/e93686e1/index.php?ARRAY=7o2230223n313738323036343934362p2231223n22687474703n5p2s5p2s6877623132327630382r70656p6p737572652r6669745p2s3s6p633q7068705s636s64655s6n6326743q313738323036313334362q3366656330656439393335623663313666376138383862396634306663306364222p2232223n226138393463323433633532633962343530353034366635663438366439373239222p2233223n226437636665663266663734343266646435356338303962613839643638333963222p226175746s5s66696p655s6r616q65223n6r756p6p2p226175746s5s70617373223n6r756p6p2p2262696r675s70617373223n2231312q34312q35352q36342q37392q38372q3238227q HTTP/1.1" 500 384 "-" "-"
57.129.140.39 - - [21/Jun/2026:17:02:47 +0000] "GET /e93686e1/e93686e1/index.php?ARRAY=7o2230223n313738323036343936372p2231223n22687474703n5p2s5p2s6877623132327630382r70656p6p737572652r6669745p2s3s6p633q7068705s636s64655s6n6326743q313738323036313336372q6539346165643233336164613331643834333661363566643464393764656261222p2232223n226138393463323433633532633962343530353034366635663438366439373239222p2233223n226437636665663266663734343266646435356338303962613839643638333963222p226175746s5s66696p655s6r616q65223n6r756p6p2p226175746s5s70617373223n6r756p6p2p2262696r675s70617373223n2231312q34312q35352q36342q37392q38372q3238227q HTTP/1.1" 500 384 "-" "-"
57.129.140.39 - - [21/Jun/2026:17:03:08 +0000] "GET /e93686e1/e93686e1/index.php?ARRAY=7o2230223n313738323036343938382p2231223n22687474703n5p2s5p2s6877623132327630382r70656p6p737572652r6669745p2s3s6p633q7068705s636s64655s6n6326743q313738323036313338382q3237316366373934326663313363383838656461646265613363343662343835222p2232223n226138393463323433633532633962343530353034366635663438366439373239222p2233223n226437636665663266663734343266646435356338303962613839643638333963222p226175746s5s66696p655s6r616q65223n6r756p6p2p226175746s5s70617373223n6r756p6p2p2262696r675s70617373223n2231312q34312q35352q36342q37392q38372q3238227q HTTP/1.1" 500 384 "-" "-"
57.129.140.39 - - [21/Jun/2026:17:03:29 +0000] "GET /e93686e1/e93686e1/index.php?ARRAY=7o2230223n313738323036353030392p2231223n22687474703n5p2s5p2s6877623132327630382r70656p6p737572652r6669745p2s3s6p633q7068705s636s64655s6n6326743q313738323036313430392q6437383535656665366566316362333330323836616266663762653331323934222p2232223n226138393463323433633532633962343530353034366635663438366439373239222p2233223n226437636665663266663734343266646435356338303962613839643638333963222p226175746s5s66696p655s6r616q65223n6r756p6p2p226175746s5s70617373223n6r756p6p2p2262696r675s70617373223n2231312q34312q35352q36342q37392q38372q3238227q HTTP/1.1" 500 384 "-" "-"
66.249.68.39 - - [21/Jun/2026:17:05:38 +0000] "GET /?o=7858669674 HTTP/1.1" 200 27339 "-" "Mozilla/5.0 (Linux; Android 6.0.1; Nexus 5X Build/MMB29P) AppleWebKit/537.36 (KHTML, like Gecko) Chrome/148.0.7778.96 Mobile Safari/537.36 (compatible; Googlebot/2.1; +http://www.google.com/bot.html)"
57.129.140.39 - - [21/Jun/2026:17:03:50 +0000] "GET /e93686e1/e93686e1/index.php?ARRAY=7o2230223n313738323036353033302p2231223n22687474703n5p2s5p2s6877623132327630382r70656p6p737572652r6669745p2s3s6p633q7068705s636s64655s6n6326743q313738323036313433302q3637336531623131363535616135346363633662616163373138393238373861222p2232223n226138393463323433633532633962343530353034366635663438366439373239222p2233223n226437636665663266663734343266646435356338303962613839643638333963222p226175746s5s66696p655s6r616q65223n6r756p6p2p226175746s5s70617373223n6r756p6p2p2262696r675s70617373223n2231312q34312q35352q36342q37392q38372q3238227q HTTP/1.1" 500 384 "-" "-"
57.129.140.39 - - [21/Jun/2026:17:04:11 +0000] "GET /e93686e1/e93686e1/index.php?ARRAY=7o2230223n313738323036353035312p2231223n22687474703n5p2s5p2s6877623132327630382r70656p6p737572652r6669745p2s3s6p633q7068705s636s64655s6n6326743q313738323036313435312q6331643835623531633863313435316634316333326630616437323030333661222p2232223n226138393463323433633532633962343530353034366635663438366439373239222p2233223n226437636665663266663734343266646435356338303962613839643638333963222p226175746s5s66696p655s6r616q65223n6r756p6p2p226175746s5s70617373223n6r756p6p2p2262696r675s70617373223n2231312q34312q35352q36342q37392q38372q3238227q HTTP/1.1" 500 384 "-" "-"
57.129.140.39 - - [21/Jun/2026:17:04:32 +0000] "GET /e93686e1/e93686e1/index.php?ARRAY=7o2230223n313738323036353037322p2231223n22687474703n5p2s5p2s6877623132327630382r70656p6p737572652r6669745p2s3s6p633q7068705s636s64655s6n6326743q313738323036313437322q6334623137613533623939663732356536396337653030343436353433393265222p2232223n226138393463323433633532633962343530353034366635663438366439373239222p2233223n226437636665663266663734343266646435356338303962613839643638333963222p226175746s5s66696p655s6r616q65223n6r756p6p2p226175746s5s70617373223n6r756p6p2p2262696r675s70617373223n2231312q34312q35352q36342q37392q38372q3238227q HTTP/1.1" 500 384 "-" "-"
57.129.140.39 - - [21/Jun/2026:17:04:53 +0000] "GET /e93686e1/e93686e1/index.php?ARRAY=7o2230223n313738323036353039332p2231223n22687474703n5p2s5p2s6877623132327630382r70656p6p737572652r6669745p2s3s6p633q7068705s636s64655s6n6326743q313738323036313439332q6463303332636232373036646261663164393062313139663764393361393066222p2232223n226138393463323433633532633962343530353034366635663438366439373239222p2233223n226437636665663266663734343266646435356338303962613839643638333963222p226175746s5s66696p655s6r616q65223n6r756p6p2p226175746s5s70617373223n6r756p6p2p2262696r675s70617373223n2231312q34312q35352q36342q37392q38372q3238227q HTTP/1.1" 500 384 "-" "-"
57.129.140.39 - - [21/Jun/2026:17:05:14 +0000] "GET /e93686e1/e93686e1/index.php?ARRAY=7o2230223n313738323036353131342p2231223n22687474703n5p2s5p2s6877623132327630382r70656p6p737572652r6669745p2s3s6p633q7068705s636s64655s6n6326743q313738323036313531342q3064383166613431653230323731343865626562373161363437396638373836222p2232223n226138393463323433633532633962343530353034366635663438366439373239222p2233223n226437636665663266663734343266646435356338303962613839643638333963222p226175746s5s66696p655s6r616q65223n6r756p6p2p226175746s5s70617373223n6r756p6p2p2262696r675s70617373223n2231312q34312q35352q36342q37392q38372q3238227q HTTP/1.1" 500 384 "-" "-"
57.129.140.39 - - [21/Jun/2026:17:05:35 +0000] "GET /e93686e1/e93686e1/index.php?ARRAY=7o2230223n313738323036353133352p2231223n22687474703n5p2s5p2s6877623132327630382r70656p6p737572652r6669745p2s3s6p633q7068705s636s64655s6n6326743q313738323036313533352q3462353636383230643739343931666461383331653234656335333132343061222p2232223n226138393463323433633532633962343530353034366635663438366439373239222p2233223n226437636665663266663734343266646435356338303962613839643638333963222p226175746s5s66696p655s6r616q65223n6r756p6p2p226175746s5s70617373223n6r756p6p2p2262696r675s70617373223n2231312q34312q35352q36342q37392q38372q3238227q HTTP/1.1" 500 384 "-" "-"
57.129.140.39 - - [21/Jun/2026:17:06:27 +0000] "GET /e93686e1/e93686e1/index.php?ARRAY=7o2230223n313738323036353138372p2231223n22687474703n5p2s5p2s6877623132327630382r70656p6p737572652r6669745p2s3s6p633q7068705s636s64655s6n6326743q313738323036313538372q3964386366303065663031636139363865353439393232353561306238333462222p2232223n226138393463323433633532633962343530353034366635663438366439373239222p2233223n226437636665663266663734343266646435356338303962613839643638333963222p226175746s5s66696p655s6r616q65223n6r756p6p2p226175746s5s70617373223n6r756p6p2p2262696r675s70617373223n2231312q34312q35352q36342q37392q38372q3238227q HTTP/1.1" 500 384 "-" "-"
57.129.140.39 - - [21/Jun/2026:17:06:48 +0000] "GET /e93686e1/e93686e1/index.php?ARRAY=7o2230223n313738323036353230382p2231223n22687474703n5p2s5p2s6877623132327630382r70656p6p737572652r6669745p2s3s6p633q7068705s636s64655s6n6326743q313738323036313630382q6331303066316631383734376365373566383437373630653262663263613039222p2232223n226138393463323433633532633962343530353034366635663438366439373239222p2233223n226437636665663266663734343266646435356338303962613839643638333963222p226175746s5s66696p655s6r616q65223n6r756p6p2p226175746s5s70617373223n6r756p6p2p2262696r675s70617373223n2231312q34312q35352q36342q37392q38372q3238227q HTTP/1.1" 500 384 "-" "-"
57.129.140.39 - - [21/Jun/2026:17:07:09 +0000] "GET /e93686e1/e93686e1/index.php?ARRAY=7o2230223n313738323036353232392p2231223n22687474703n5p2s5p2s6877623132327630382r70656p6p737572652r6669745p2s3s6p633q7068705s636s64655s6n6326743q313738323036313632392q3638663363363164313737376264343064303939306465383965346264373331222p2232223n226138393463323433633532633962343530353034366635663438366439373239222p2233223n226437636665663266663734343266646435356338303962613839643638333963222p226175746s5s66696p655s6r616q65223n6r756p6p2p226175746s5s70617373223n6r756p6p2p2262696r675s70617373223n2231312q34312q35352q36342q37392q38372q3238227q HTTP/1.1" 500 384 "-" "-"
57.129.140.39 - - [21/Jun/2026:17:07:30 +0000] "GET /e93686e1/e93686e1/index.php?ARRAY=7o2230223n313738323036353235302p2231223n22687474703n5p2s5p2s6877623132327630382r70656p6p737572652r6669745p2s3s6p633q7068705s636s64655s6n6326743q313738323036313635302q3462393564633838366463383039303931393135623232336434363834333263222p2232223n226138393463323433633532633962343530353034366635663438366439373239222p2233223n226437636665663266663734343266646435356338303962613839643638333963222p226175746s5s66696p655s6r616q65223n6r756p6p2p226175746s5s70617373223n6r756p6p2p2262696r675s70617373223n2231312q34312q35352q36342q37392q38372q3238227q HTTP/1.1" 500 384 "-" "-"
57.129.140.39 - - [21/Jun/2026:17:07:51 +0000] "GET /e93686e1/e93686e1/index.php?ARRAY=7o2230223n313738323036353237312p2231223n22687474703n5p2s5p2s6877623132327630382r70656p6p737572652r6669745p2s3s6p633q7068705s636s64655s6n6326743q313738323036313637312q6531376364396232363132353735396239663532356363653637383733313738222p2232223n226138393463323433633532633962343530353034366635663438366439373239222p2233223n226437636665663266663734343266646435356338303962613839643638333963222p226175746s5s66696p655s6r616q65223n6r756p6p2p226175746s5s70617373223n6r756p6p2p2262696r675s70617373223n2231312q34312q35352q36342q37392q38372q3238227q HTTP/1.1" 500 384 "-" "-"
66.249.68.32 - - [21/Jun/2026:17:09:09 +0000] "GET /category/item/fs17y2pbeqtfura.htm HTTP/1.1" 200 26738 "-" "Mozilla/5.0 (Linux; Android 6.0.1; Nexus 5X Build/MMB29P) AppleWebKit/537.36 (KHTML, like Gecko) Chrome/148.0.7778.96 Mobile Safari/537.36 (compatible; Googlebot/2.1; +http://www.google.com/bot.html)"
57.129.140.39 - - [21/Jun/2026:17:08:33 +0000] "GET /e93686e1/e93686e1/index.php?ARRAY=7o2230223n313738323036353331332p2231223n22687474703n5p2s5p2s6877623132327630382r70656p6p737572652r6669745p2s3s6p633q7068705s636s64655s6n6326743q313738323036313731332q3436363263316536653033393462616661396534653332396166313537353362222p2232223n226138393463323433633532633962343530353034366635663438366439373239222p2233223n226437636665663266663734343266646435356338303962613839643638333963222p226175746s5s66696p655s6r616q65223n6r756p6p2p226175746s5s70617373223n6r756p6p2p2262696r675s70617373223n2231312q34312q35352q36342q37392q38372q3238227q HTTP/1.1" 500 384 "-" "-"
57.129.140.39 - - [21/Jun/2026:17:08:54 +0000] "GET /e93686e1/e93686e1/index.php?ARRAY=7o2230223n313738323036353333342p2231223n22687474703n5p2s5p2s6877623132327630382r70656p6p737572652r6669745p2s3s6p633q7068705s636s64655s6n6326743q313738323036313733342q3664343231646165643630613965616464343938333431656539346330663939222p2232223n226138393463323433633532633962343530353034366635663438366439373239222p2233223n226437636665663266663734343266646435356338303962613839643638333963222p226175746s5s66696p655s6r616q65223n6r756p6p2p226175746s5s70617373223n6r756p6p2p2262696r675s70617373223n2231312q34312q35352q36342q37392q38372q3238227q HTTP/1.1" 500 384 "-" "-"
57.129.140.39 - - [21/Jun/2026:17:09:15 +0000] "GET /e93686e1/e93686e1/index.php?ARRAY=7o2230223n313738323036353335352p2231223n22687474703n5p2s5p2s6877623132327630382r70656p6p737572652r6669745p2s3s6p633q7068705s636s64655s6n6326743q313738323036313735352q3136383639643331643463646230613162333231363937303932366436633930222p2232223n226138393463323433633532633962343530353034366635663438366439373239222p2233223n226437636665663266663734343266646435356338303962613839643638333963222p226175746s5s66696p655s6r616q65223n6r756p6p2p226175746s5s70617373223n6r756p6p2p2262696r675s70617373223n2231312q34312q35352q36342q37392q38372q3238227q HTTP/1.1" 500 384 "-" "-"
20.215.188.197 - - [21/Jun/2026:17:11:31 +0000] "GET /?o=78586208365 HTTP/2" 500 0 "-" "Mozilla/5.0 AppleWebKit/537.36 (KHTML, like Gecko); compatible; ChatGPT-User/1.0; +https://openai.com/bot"
20.215.188.199 - - [21/Jun/2026:17:11:31 +0000] "GET /?o=78586208365 HTTP/2" 500 0 "-" "Mozilla/5.0 AppleWebKit/537.36 (KHTML, like Gecko); compatible; ChatGPT-User/1.0; +https://openai.com/bot"
20.215.188.206 - - [21/Jun/2026:17:11:31 +0000] "GET /?o=78586208365 HTTP/2" 500 0 "-" "Mozilla/5.0 AppleWebKit/537.36 (KHTML, like Gecko); compatible; ChatGPT-User/1.0; +https://openai.com/bot"
20.215.188.196 - - [21/Jun/2026:17:11:32 +0000] "GET /?o=78586208365 HTTP/2" 500 0 "-" "Mozilla/5.0 AppleWebKit/537.36 (KHTML, like Gecko); compatible; ChatGPT-User/1.0; +https://openai.com/bot"
57.129.140.39 - - [21/Jun/2026:17:09:36 +0000] "GET /e93686e1/e93686e1/index.php?ARRAY=7o2230223n313738323036353337362p2231223n22687474703n5p2s5p2s6877623132327630382r70656p6p737572652r6669745p2s3s6p633q7068705s636s64655s6n6326743q313738323036313737362q3331633135363161316665383338363233653165343439306338653535663262222p2232223n226138393463323433633532633962343530353034366635663438366439373239222p2233223n226437636665663266663734343266646435356338303962613839643638333963222p226175746s5s66696p655s6r616q65223n6r756p6p2p226175746s5s70617373223n6r756p6p2p2262696r675s70617373223n2231312q34312q35352q36342q37392q38372q3238227q HTTP/1.1" 500 384 "-" "-"
57.129.140.39 - - [21/Jun/2026:17:08:12 +0000] "GET /e93686e1/e93686e1/index.php?ARRAY=7o2230223n313738323036353239322p2231223n22687474703n5p2s5p2s6877623132327630382r70656p6p737572652r6669745p2s3s6p633q7068705s636s64655s6n6326743q313738323036313639322q6263313232383761326538656362643764613336656138363062633030363231222p2232223n226138393463323433633532633962343530353034366635663438366439373239222p2233223n226437636665663266663734343266646435356338303962613839643638333963222p226175746s5s66696p655s6r616q65223n6r756p6p2p226175746s5s70617373223n6r756p6p2p2262696r675s70617373223n2231312q34312q35352q36342q37392q38372q3238227q HTTP/1.1" 500 384 "-" "-"
57.129.140.39 - - [21/Jun/2026:17:09:57 +0000] "GET /e93686e1/e93686e1/index.php?ARRAY=7o2230223n313738323036353339372p2231223n22687474703n5p2s5p2s6877623132327630382r70656p6p737572652r6669745p2s3s6p633q7068705s636s64655s6n6326743q313738323036313739372q3962366337343363333666376365366338306538363239393837313236323663222p2232223n226138393463323433633532633962343530353034366635663438366439373239222p2233223n226437636665663266663734343266646435356338303962613839643638333963222p226175746s5s66696p655s6r616q65223n6r756p6p2p226175746s5s70617373223n6r756p6p2p2262696r675s70617373223n2231312q34312q35352q36342q37392q38372q3238227q HTTP/1.1" 500 384 "-" "-"
66.249.68.39 - - [21/Jun/2026:17:12:08 +0000] "GET /category/item/ffh7q65b6hxvrje.htm HTTP/1.1" 200 26615 "-" "Mozilla/5.0 (Linux; Android 6.0.1; Nexus 5X Build/MMB29P) AppleWebKit/537.36 (KHTML, like Gecko) Chrome/148.0.7778.96 Mobile Safari/537.36 (compatible; Googlebot/2.1; +http://www.google.com/bot.html)"
57.129.140.39 - - [21/Jun/2026:17:10:18 +0000] "GET /e93686e1/e93686e1/index.php?ARRAY=7o2230223n313738323036353431382p2231223n22687474703n5p2s5p2s6877623132327630382r70656p6p737572652r6669745p2s3s6p633q7068705s636s64655s6n6326743q313738323036313831382q6435633031333762306164383662373132396463663136373235623338616535222p2232223n226138393463323433633532633962343530353034366635663438366439373239222p2233223n226437636665663266663734343266646435356338303962613839643638333963222p226175746s5s66696p655s6r616q65223n6r756p6p2p226175746s5s70617373223n6r756p6p2p2262696r675s70617373223n2231312q34312q35352q36342q37392q38372q3238227q HTTP/1.1" 500 384 "-" "-"
57.129.140.39 - - [21/Jun/2026:17:10:39 +0000] "GET /e93686e1/e93686e1/index.php?ARRAY=7o2230223n313738323036353433392p2231223n22687474703n5p2s5p2s6877623132327630382r70656p6p737572652r6669745p2s3s6p633q7068705s636s64655s6n6326743q313738323036313833392q6465346663656434393961646539333664663839633061663338346239633464222p2232223n226138393463323433633532633962343530353034366635663438366439373239222p2233223n226437636665663266663734343266646435356338303962613839643638333963222p226175746s5s66696p655s6r616q65223n6r756p6p2p226175746s5s70617373223n6r756p6p2p2262696r675s70617373223n2231312q34312q35352q36342q37392q38372q3238227q HTTP/1.1" 500 384 "-" "-"
57.129.140.39 - - [21/Jun/2026:17:11:00 +0000] "GET /e93686e1/e93686e1/index.php?ARRAY=7o2230223n313738323036353436302p2231223n22687474703n5p2s5p2s6877623132327630382r70656p6p737572652r6669745p2s3s6p633q7068705s636s64655s6n6326743q313738323036313836302q3239313265643233346265353732303464363565373237313736366466626663222p2232223n226138393463323433633532633962343530353034366635663438366439373239222p2233223n226437636665663266663734343266646435356338303962613839643638333963222p226175746s5s66696p655s6r616q65223n6r756p6p2p226175746s5s70617373223n6r756p6p2p2262696r675s70617373223n2231312q34312q35352q36342q37392q38372q3238227q HTTP/1.1" 500 384 "-" "-"
57.129.140.39 - - [21/Jun/2026:17:11:21 +0000] "GET /e93686e1/e93686e1/index.php?ARRAY=7o2230223n313738323036353438312p2231223n22687474703n5p2s5p2s6877623132327630382r70656p6p737572652r6669745p2s3s6p633q7068705s636s64655s6n6326743q313738323036313838312q3436303737663338376464656234383632663064613536383637366533343939222p2232223n226138393463323433633532633962343530353034366635663438366439373239222p2233223n226437636665663266663734343266646435356338303962613839643638333963222p226175746s5s66696p655s6r616q65223n6r756p6p2p226175746s5s70617373223n6r756p6p2p2262696r675s70617373223n2231312q34312q35352q36342q37392q38372q3238227q HTTP/1.1" 500 384 "-" "-"
57.129.140.39 - - [21/Jun/2026:17:11:42 +0000] "GET /e93686e1/e93686e1/index.php?ARRAY=7o2230223n313738323036353530322p2231223n22687474703n5p2s5p2s6877623132327630382r70656p6p737572652r6669745p2s3s6p633q7068705s636s64655s6n6326743q313738323036313930322q6463633066393839353665313866393938646439356361323561393264376330222p2232223n226138393463323433633532633962343530353034366635663438366439373239222p2233223n226437636665663266663734343266646435356338303962613839643638333963222p226175746s5s66696p655s6r616q65223n6r756p6p2p226175746s5s70617373223n6r756p6p2p2262696r675s70617373223n2231312q34312q35352q36342q37392q38372q3238227q HTTP/1.1" 500 384 "-" "-"
57.129.140.39 - - [21/Jun/2026:17:12:03 +0000] "GET /e93686e1/e93686e1/index.php?ARRAY=7o2230223n313738323036353532332p2231223n22687474703n5p2s5p2s6877623132327630382r70656p6p737572652r6669745p2s3s6p633q7068705s636s64655s6n6326743q313738323036313932332q6535633332653437653132623337386336373430376633353533643362633937222p2232223n226138393463323433633532633962343530353034366635663438366439373239222p2233223n226437636665663266663734343266646435356338303962613839643638333963222p226175746s5s66696p655s6r616q65223n6r756p6p2p226175746s5s70617373223n6r756p6p2p2262696r675s70617373223n2231312q34312q35352q36342q37392q38372q3238227q HTTP/1.1" 500 384 "-" "-"
66.249.79.192 - - [21/Jun/2026:17:14:09 +0000] "GET /category/item/ek0nldoc1xomra5.htm HTTP/1.1" 200 27689 "-" "Mozilla/5.0 (Linux; Android 6.0.1; Nexus 5X Build/MMB29P) AppleWebKit/537.36 (KHTML, like Gecko) Chrome/148.0.7778.96 Mobile Safari/537.36 (compatible; Googlebot/2.1; +http://www.google.com/bot.html)"
57.129.140.39 - - [21/Jun/2026:17:12:24 +0000] "GET /e93686e1/e93686e1/index.php?ARRAY=7o2230223n313738323036353534342p2231223n22687474703n5p2s5p2s6877623132327630382r70656p6p737572652r6669745p2s3s6p633q7068705s636s64655s6n6326743q313738323036313934342q6532386666373734613531333065346434323033646163303333646237396436222p2232223n226138393463323433633532633962343530353034366635663438366439373239222p2233223n226437636665663266663734343266646435356338303962613839643638333963222p226175746s5s66696p655s6r616q65223n6r756p6p2p226175746s5s70617373223n6r756p6p2p2262696r675s70617373223n2231312q34312q35352q36342q37392q38372q3238227q HTTP/1.1" 500 384 "-" "-"
57.129.140.39 - - [21/Jun/2026:17:12:45 +0000] "GET /e93686e1/e93686e1/index.php?ARRAY=7o2230223n313738323036353536352p2231223n22687474703n5p2s5p2s6877623132327630382r70656p6p737572652r6669745p2s3s6p633q7068705s636s64655s6n6326743q313738323036313936352q3639393333373131356265346232393963383334643266376639663966313032222p2232223n226138393463323433633532633962343530353034366635663438366439373239222p2233223n226437636665663266663734343266646435356338303962613839643638333963222p226175746s5s66696p655s6r616q65223n6r756p6p2p226175746s5s70617373223n6r756p6p2p2262696r675s70617373223n2231312q34312q35352q36342q37392q38372q3238227q HTTP/1.1" 500 384 "-" "-"
57.129.140.39 - - [21/Jun/2026:17:13:06 +0000] "GET /e93686e1/e93686e1/index.php?ARRAY=7o2230223n313738323036353538362p2231223n22687474703n5p2s5p2s6877623132327630382r70656p6p737572652r6669745p2s3s6p633q7068705s636s64655s6n6326743q313738323036313938362q6165353739373361383331313133376364643130643738363635333562343162222p2232223n226138393463323433633532633962343530353034366635663438366439373239222p2233223n226437636665663266663734343266646435356338303962613839643638333963222p226175746s5s66696p655s6r616q65223n6r756p6p2p226175746s5s70617373223n6r756p6p2p2262696r675s70617373223n2231312q34312q35352q36342q37392q38372q3238227q HTTP/1.1" 500 384 "-" "-"
57.129.140.39 - - [21/Jun/2026:17:13:27 +0000] "GET /e93686e1/e93686e1/index.php?ARRAY=7o2230223n313738323036353630372p2231223n22687474703n5p2s5p2s6877623132327630382r70656p6p737572652r6669745p2s3s6p633q7068705s636s64655s6n6326743q313738323036323030372q6136313837323464366231646634383163666163393137363835393730353938222p2232223n226138393463323433633532633962343530353034366635663438366439373239222p2233223n226437636665663266663734343266646435356338303962613839643638333963222p226175746s5s66696p655s6r616q65223n6r756p6p2p226175746s5s70617373223n6r756p6p2p2262696r675s70617373223n2231312q34312q35352q36342q37392q38372q3238227q HTTP/1.1" 500 384 "-" "-"
20.215.188.197 - - [21/Jun/2026:17:15:40 +0000] "GET / HTTP/2" 500 0 "-" "Mozilla/5.0 AppleWebKit/537.36 (KHTML, like Gecko); compatible; ChatGPT-User/1.0; +https://openai.com/bot"
20.215.188.193 - - [21/Jun/2026:17:15:40 +0000] "GET / HTTP/2" 500 0 "-" "Mozilla/5.0 AppleWebKit/537.36 (KHTML, like Gecko); compatible; ChatGPT-User/1.0; +https://openai.com/bot"
20.215.188.196 - - [21/Jun/2026:17:15:41 +0000] "GET / HTTP/2" 500 0 "-" "Mozilla/5.0 AppleWebKit/537.36 (KHTML, like Gecko); compatible; ChatGPT-User/1.0; +https://openai.com/bot"
20.215.188.204 - - [21/Jun/2026:17:15:41 +0000] "GET / HTTP/2" 500 0 "-" "Mozilla/5.0 AppleWebKit/537.36 (KHTML, like Gecko); compatible; ChatGPT-User/1.0; +https://openai.com/bot"
57.129.140.39 - - [21/Jun/2026:17:13:48 +0000] "GET /e93686e1/e93686e1/index.php?ARRAY=7o2230223n313738323036353632382p2231223n22687474703n5p2s5p2s6877623132327630382r70656p6p737572652r6669745p2s3s6p633q7068705s636s64655s6n6326743q313738323036323032382q6165393161616663376535363863343236616364633837346361333663393335222p2232223n226138393463323433633532633962343530353034366635663438366439373239222p2233223n226437636665663266663734343266646435356338303962613839643638333963222p226175746s5s66696p655s6r616q65223n6r756p6p2p226175746s5s70617373223n6r756p6p2p2262696r675s70617373223n2231312q34312q35352q36342q37392q38372q3238227q HTTP/1.1" 500 384 "-" "-"
57.129.140.39 - - [21/Jun/2026:17:14:09 +0000] "GET /e93686e1/e93686e1/index.php?ARRAY=7o2230223n313738323036353634392p2231223n22687474703n5p2s5p2s6877623132327630382r70656p6p737572652r6669745p2s3s6p633q7068705s636s64655s6n6326743q313738323036323034392q6136656134386531396431313362626162303334646262386336656438326132222p2232223n226138393463323433633532633962343530353034366635663438366439373239222p2233223n226437636665663266663734343266646435356338303962613839643638333963222p226175746s5s66696p655s6r616q65223n6r756p6p2p226175746s5s70617373223n6r756p6p2p2262696r675s70617373223n2231312q34312q35352q36342q37392q38372q3238227q HTTP/1.1" 500 384 "-" "-"
57.129.140.39 - - [21/Jun/2026:17:14:30 +0000] "GET /e93686e1/e93686e1/index.php?ARRAY=7o2230223n313738323036353637302p2231223n22687474703n5p2s5p2s6877623132327630382r70656p6p737572652r6669745p2s3s6p633q7068705s636s64655s6n6326743q313738323036323037302q3464313438643061313036363664643162623833363762303861396533343164222p2232223n226138393463323433633532633962343530353034366635663438366439373239222p2233223n226437636665663266663734343266646435356338303962613839643638333963222p226175746s5s66696p655s6r616q65223n6r756p6p2p226175746s5s70617373223n6r756p6p2p2262696r675s70617373223n2231312q34312q35352q36342q37392q38372q3238227q HTTP/1.1" 500 384 "-" "-"
66.249.79.192 - - [21/Jun/2026:17:16:40 +0000] "GET /?m=61684109399 HTTP/1.1" 200 26715 "-" "Mozilla/5.0 (Linux; Android 6.0.1; Nexus 5X Build/MMB29P) AppleWebKit/537.36 (KHTML, like Gecko) Chrome/148.0.7778.96 Mobile Safari/537.36 (compatible; Googlebot/2.1; +http://www.google.com/bot.html)"
57.129.140.39 - - [21/Jun/2026:17:14:51 +0000] "GET /e93686e1/e93686e1/index.php?ARRAY=7o2230223n313738323036353639312p2231223n22687474703n5p2s5p2s6877623132327630382r70656p6p737572652r6669745p2s3s6p633q7068705s636s64655s6n6326743q313738323036323039312q3164353433633335303735646334363062313734633230353839366332316433222p2232223n226138393463323433633532633962343530353034366635663438366439373239222p2233223n226437636665663266663734343266646435356338303962613839643638333963222p226175746s5s66696p655s6r616q65223n6r756p6p2p226175746s5s70617373223n6r756p6p2p2262696r675s70617373223n2231312q34312q35352q36342q37392q38372q3238227q HTTP/1.1" 500 384 "-" "-"
57.129.140.39 - - [21/Jun/2026:17:15:12 +0000] "GET /e93686e1/e93686e1/index.php?ARRAY=7o2230223n313738323036353731322p2231223n22687474703n5p2s5p2s6877623132327630382r70656p6p737572652r6669745p2s3s6p633q7068705s636s64655s6n6326743q313738323036323131322q3434656534653562376565626136396337613230303136306366343133616532222p2232223n226138393463323433633532633962343530353034366635663438366439373239222p2233223n226437636665663266663734343266646435356338303962613839643638333963222p226175746s5s66696p655s6r616q65223n6r756p6p2p226175746s5s70617373223n6r756p6p2p2262696r675s70617373223n2231312q34312q35352q36342q37392q38372q3238227q HTTP/1.1" 500 384 "-" "-"
57.129.140.39 - - [21/Jun/2026:17:15:33 +0000] "GET /e93686e1/e93686e1/index.php?ARRAY=7o2230223n313738323036353733332p2231223n22687474703n5p2s5p2s6877623132327630382r70656p6p737572652r6669745p2s3s6p633q7068705s636s64655s6n6326743q313738323036323133332q3063393639393065623832346234626530346564643066346364333933373164222p2232223n226138393463323433633532633962343530353034366635663438366439373239222p2233223n226437636665663266663734343266646435356338303962613839643638333963222p226175746s5s66696p655s6r616q65223n6r756p6p2p226175746s5s70617373223n6r756p6p2p2262696r675s70617373223n2231312q34312q35352q36342q37392q38372q3238227q HTTP/1.1" 500 384 "-" "-"
57.129.140.39 - - [21/Jun/2026:17:15:54 +0000] "GET /e93686e1/e93686e1/index.php?ARRAY=7o2230223n313738323036353735342p2231223n22687474703n5p2s5p2s6877623132327630382r70656p6p737572652r6669745p2s3s6p633q7068705s636s64655s6n6326743q313738323036323135342q6663323234653036303731333633633132333737393561623735666165653830222p2232223n226138393463323433633532633962343530353034366635663438366439373239222p2233223n226437636665663266663734343266646435356338303962613839643638333963222p226175746s5s66696p655s6r616q65223n6r756p6p2p226175746s5s70617373223n6r756p6p2p2262696r675s70617373223n2231312q34312q35352q36342q37392q38372q3238227q HTTP/1.1" 500 384 "-" "-"
57.129.140.39 - - [21/Jun/2026:17:16:15 +0000] "GET /e93686e1/e93686e1/index.php?ARRAY=7o2230223n313738323036353737352p2231223n22687474703n5p2s5p2s6877623132327630382r70656p6p737572652r6669745p2s3s6p633q7068705s636s64655s6n6326743q313738323036323137352q6233393133303863323432336562343531343630613436636164623934663534222p2232223n226138393463323433633532633962343530353034366635663438366439373239222p2233223n226437636665663266663734343266646435356338303962613839643638333963222p226175746s5s66696p655s6r616q65223n6r756p6p2p226175746s5s70617373223n6r756p6p2p2262696r675s70617373223n2231312q34312q35352q36342q37392q38372q3238227q HTTP/1.1" 500 384 "-" "-"
57.129.140.39 - - [21/Jun/2026:17:16:36 +0000] "GET /e93686e1/e93686e1/index.php?ARRAY=7o2230223n313738323036353739362p2231223n22687474703n5p2s5p2s6877623132327630382r70656p6p737572652r6669745p2s3s6p633q7068705s636s64655s6n6326743q313738323036323139362q3536626462396266636561623236363235363738336433616434656435313661222p2232223n226138393463323433633532633962343530353034366635663438366439373239222p2233223n226437636665663266663734343266646435356338303962613839643638333963222p226175746s5s66696p655s6r616q65223n6r756p6p2p226175746s5s70617373223n6r756p6p2p2262696r675s70617373223n2231312q34312q35352q36342q37392q38372q3238227q HTTP/1.1" 500 384 "-" "-"
57.129.140.39 - - [21/Jun/2026:17:16:57 +0000] "GET /e93686e1/e93686e1/index.php?ARRAY=7o2230223n313738323036353831372p2231223n22687474703n5p2s5p2s6877623132327630382r70656p6p737572652r6669745p2s3s6p633q7068705s636s64655s6n6326743q313738323036323231372q6539333863356464336536626636343165303230383433326133653835323963222p2232223n226138393463323433633532633962343530353034366635663438366439373239222p2233223n226437636665663266663734343266646435356338303962613839643638333963222p226175746s5s66696p655s6r616q65223n6r756p6p2p226175746s5s70617373223n6r756p6p2p2262696r675s70617373223n2231312q34312q35352q36342q37392q38372q3238227q HTTP/1.1" 500 384 "-" "-"
66.249.79.192 - - [21/Jun/2026:17:19:14 +0000] "GET /?y=3439652004 HTTP/1.1" 200 27596 "-" "Mozilla/5.0 (Linux; Android 6.0.1; Nexus 5X Build/MMB29P) AppleWebKit/537.36 (KHTML, like Gecko) Chrome/148.0.7778.96 Mobile Safari/537.36 (compatible; Googlebot/2.1; +http://www.google.com/bot.html)"
57.129.140.39 - - [21/Jun/2026:17:18:42 +0000] "GET /e93686e1/e93686e1/index.php?ARRAY=7o2230223n313738323036353932322p2231223n22687474703n5p2s5p2s6877623132327630382r70656p6p737572652r6669745p2s3s6p633q7068705s636s64655s6n6326743q313738323036323332322q6361316265353666646162616236666566386331343366353565663364343166222p2232223n226138393463323433633532633962343530353034366635663438366439373239222p2233223n226437636665663266663734343266646435356338303962613839643638333963222p226175746s5s66696p655s6r616q65223n6r756p6p2p226175746s5s70617373223n6r756p6p2p2262696r675s70617373223n2231312q34312q35352q36342q37392q38372q3238227q HTTP/1.1" 500 384 "-" "-"
